v) = v**2 + 5*v + 4. Suppose -o + 9 - 6 = 2*h, -2*o = h + 3. Give a(o).
-2
Let h = 21 - 21. Let m(f) = -f + 10. Determine m(h).
10
Let q be (0 - (-3)/(-3))*1*-1. Let r(u) be the first derivative of 4*u**3/3 + u**2/2 - u - 2. Calculate r(q).
4
Let n = -12 - -14. Let m(s) = -s. Give m(n).
-2
Suppose -4*y = -y + 2*f + 22, -34 = 4*y - 2*f. Let n(c) = -c - 5. Determine n(y).
3
Let q(u) = -u + 5*u**2 + 7*u**2 - u**3 - 15*u**2 + 5*u**2. Give q(3).
-12
Let k = 3 + -1. Let n be (-5)/(-3) + k/6. Let b(f) = f**3 - 4*f**2 - 2*f**2 - n*f**3 - 6*f. Determine b(-4).
-8
Let w(n) = 4 + 34*n - 35*n - 2. Give w(-3).
5
Let k(q) be the first derivative of q**3/3 - 3*q**2/2 + 3*q + 1. Suppose 4*z + 2*p = -9 + 21, -6 = -2*z - 3*p. What is k(z)?
3
Let t = -16 + 19. Let i(r) be the third derivative of -r**4/24 + r**3/2 - r**2. Determine i(t).
0
Suppose 2*h + 3*h + 20 = 0. Let m be (-2)/7 - (-46)/14. Let d(o) = m*o - 4*o - 5 + 0*o. Calculate d(h).
-1
Suppose 3 - 35 = 4*z. Let u = 3 + z. Let y(i) = 4 + 0*i + 0 + 4*i**2 - 3*i + 2*i**3 - i**3. Calculate y(u).
-6
Let r(f) = f**3 - 7*f**2 - 2*f - 5. Let d(g) = -g**3 + 7*g**2 + 3*g + 4. Let x(b) = -4*d(b) - 5*r(b). Calculate x(7).
-5
Let k(h) be the third derivative of h**4/8 - h**2. Suppose 15*d - 26 = 2*d. Calculate k(d).
6
Let o(k) = -k**3 - 2*k**2 + 2*k - 4. Let w(h) = 3*h**3 + 5*h**2 - 5*h + 8. Let v(i) = -5*o(i) - 2*w(i). Let t = 4 - 4. Suppose -4*s = -t*s. What is v(s)?
4
Let l(j) be the first derivative of j**2/2 + 3*j + 4. Calculate l(3).
6
Let c(u) = -3*u - 5 + 6*u - u. Let b be ((-1)/(-3))/(19/342). Calculate c(b).
7
Let j(b) be the second derivative of b**4/12 + b**3 + b**2/2 + 15*b. Give j(-6).
1
Let b(t) be the second derivative of t + 1/2*t**2 + 0 + 0*t**3 + 1/5*t**5 + 0*t**4. What is b(-1)?
-3
Let k(p) = -p**3 + 6*p**2 - 7*p + 2. Let u(y) = -y**3 - y**2 - y - 9. Let v be u(0). Let m = 7 + v. Let n be 13/3 - m/3. What is k(n)?
-8
Suppose -5*w + 3*s = -16, -4*w + 7 = s + 1. Let d(g) = 0*g**3 + 0*g**2 + g**3 - 1 + g**w. Let a be (4 + -2 - 1)/1. Give d(a).
1
Let b = -15 - -16. Let l(h) be the second derivative of -h**4/8 - h**2 - 2*h. Let o(n) be the first derivative of l(n). Calculate o(b).
-3
Let q(m) = 2*m**2 - 4*m - 3. Let b be 0/((-12)/(-3)) + 3. Let d be q(b). Let i(s) = 3*s + 2. What is i(d)?
11
Let x(i) = 3*i + 1. Let v(j) = 2*j. Let t be v(1). Suppose 3*m - 31 = 5*c, 4*m - t*c + 2 = 20. Determine x(m).
7
Let l(j) be the second derivative of j**5/20 + j**4/6 - j**3/2 + j**2/2 + 36*j. Let y = 0 - 3. Calculate l(y).
1
Let s(h) = h**3 + 4*h**2 - 5*h + 2. Let m be s(-5). Let k(w) = w. Determine k(m).
2
Suppose 0*l = 2*l - 4. Let s(n) = 2*n**2 - 2*n + 0 + 0*n**2 - 2 + n**3. What is s(l)?
10
Let t = 3 - 2. Let a(q) = -5*q + t + 0*q - 2. Let c = 9 - 8. Calculate a(c).
-6
Let l(b) be the second derivative of -b**5/20 + b**4/12 + b**3/6 + 3*b**2/2 + 18*b. What is l(3)?
-12
Let w(l) = -6*l - 5. Let p(s) = -5*s - 4. Let i(r) = -4*p(r) + 3*w(r). Calculate i(-2).
-3
Suppose -5*j + 5 - 27 = -4*h, -4*h - 4*j = -4. Let u(g) = -g. Determine u(h).
-3
Suppose -2*p - 4*w - 2 = -0*w, w - 49 = 5*p. Let t(n) = n**3 + 9*n**2 - 2*n - 10. What is t(p)?
8
Let x(w) be the second derivative of -w**8/6720 + w**7/420 + w**5/20 + w**4/6 + 2*w. Let t(m) be the third derivative of x(m). Calculate t(6).
6
Let w(v) = 2*v + 0*v - 2 - 1. Let i be w(4). Let y(f) = -13*f**3 + 6*f**3 + 3*f**3 - 6*f**2 + 6*f - 5 + 5*f**3. Give y(i).
0
Let l(j) = -9 - 2*j**2 - 5*j + 3*j**2 + 0*j**2 + 5. What is l(5)?
-4
Let p(d) be the third derivative of d**5/60 - d**4/8 + 2*d**3/3 - d**2. Let g = -19 - -23. Determine p(g).
8
Let s(o) = -o**2 - 2*o - 3. Let t(d) be the first derivative of d**4/4 - 4*d**3/3 + 2*d**2 - 3*d - 1. Let k be t(2). Calculate s(k).
-6
Let f(h) = 2*h**2 + h. Let l = -5 + 6. What is f(l)?
3
Let p(s) = s - 1. Suppose 0 = 3*q - 15, -4*l = -2*q - 3 - 7. Let x be p(l). Let c(j) = -2*j**2 + 3*j**2 + 6*j - 5 - 4*j**2 + x*j**2. Give c(-5).
-10
Let v(y) = -6*y. Let z = -45 - -44. Calculate v(z).
6
Let h(w) = -w**2 - 16*w - 46. Let q be h(-13). Let a(f) = f**3 + 6*f**2 - 9*f + 4. Calculate a(q).
18
Let l(u) = 0*u - 4 + 10*u + u**3 - 11*u + 9*u**2. Calculate l(-9).
5
Let c(o) = 5*o - 5. Suppose -q + 2*j - 2 = 0, 5*q - 5*j = 5 + 5. What is c(q)?
25
Let b(k) = -k**2 + 11*k - 30. Let q be b(6). Let j(n) be the third derivative of 0*n + 1/3*n**3 + q + 2*n**2 + 1/24*n**4. Calculate j(-5).
-3
Suppose 0 = 3*m - 4*m + 2. Suppose -3*f = 5*s + m*f - 20, -s - 4*f + 7 = 0. Let u(g) = 2*g**2 - 5*g + 4. Calculate u(s).
7
Let z(l) = 12 + 6 - l**2 - 2 - 10*l. Let n be z(-11). Let i(g) = -4*g - 4*g**2 - 1 - 3 + g**3 + 3. Calculate i(n).
4
Let f = 2 - 1. Let x = -10 - -12. Let l(p) = 0*p**x - 2*p**2 - p**2. Give l(f).
-3
Let h(y) be the third derivative of -y**5/60 + 7*y**4/24 - y**3/3 - 16*y**2. Determine h(5).
8
Let w(d) = d**3 - 4*d**2 - 7*d + 5. Let h(r) = r**2 + 1. Let i be h(2). Give w(i).
-5
Let y(b) = b**3 - 9*b**2 + 8*b - 6. Suppose -4*l = -77 - 19. Let n = -16 + l. Let p be y(n). Let m(g) = -g**2 - 5*g + 2. Give m(p).
-4
Let i(d) = -d**3 + d - 1. Let c(w) = 2*w**2 + 3*w - 4. Let u be c(-3). Suppose u*r = 6 + 19. Suppose -r*n - 4 = -v - 2*n, -3*n = v + 2. Give i(v).
-1
Let t(s) = s**2 + 13*s - 8. Let v be t(-14). Let c(w) = 3*w + 3. Calculate c(v).
21
Suppose 2*w - 5*u = 4, 5*w = -3*u - 0*u + 41. Let b(j) = -5*j - 13. Let n(p) = 6*p + 14. Let a(t) = w*b(t) + 6*n(t). Suppose 0 = -r - 0*r. Determine a(r).
-7
Let b be 1 + -2 - 1/(-1). Suppose o + 2 - 10 = -2*n, -5*n = 5*o - 25. Let x(s) = -n*s + 1 + b + 0. What is x(3)?
-8
Let m(f) be the first derivative of f**4/2 - 2*f**3/3 + f**2/2 - 2*f + 14. What is m(2)?
8
Let s(c) = c**2 - 9*c + 16. Let k be s(7). Let q(z) = z**3 - 3*z**2 + 3*z - 1. Calculate q(k).
1
Suppose -2*c - 3*w = -4, c + 3 = 2*w - 2. Let o(m) = -m**3 - m**2. Give o(c).
0
Let r be -1*(1/(-1) + 0). Let x(n) = -1. Let j(c) = -c**2 + c - 2. Let w(d) = r*j(d) - 2*x(d). Let i = 3 + -1. Determine w(i).
-2
Let y(r) = -3 - 2*r + 1 + 0 - 4*r**2 + 3*r**2. Let a(u) = 2*u**3 + u**2 + u. Suppose t + 3 - 2 = 0. Let h be a(t). Calculate y(h).
-2
Let z(u) be the third derivative of u**4/24 + u**3/6 - 4*u**2. Let y = 1 - -1. Give z(y).
3
Let m(a) = 3*a - 5. Suppose -5*d = 4*w + 4, -20 = 4*d - 9*d. Determine m(w).
-23
Let u = 1 - 4. Let l(x) = -x**2 - 2*x - 2. Give l(u).
-5
Let t(l) = l + 10. Let r be t(-6). Suppose 12 = m + r*c, -2*c + 15 = 3*m - 1. Let j(g) = -g**2 + 5*g - 3. What is j(m)?
1
Let a(x) = -x**2 - 5*x. Suppose 3*v = -9, 5*r - 3*v = -2 - 4. Let b = -9 - r. Calculate a(b).
-6
Suppose -z + 3*z = -8. Let s(o) = 1. Let h(j) = -j + 8. Let y(i) = h(i) - 5*s(i). What is y(z)?
7
Let t(m) be the first derivative of -2*m**2 + m + 8. What is t(-5)?
21
Suppose -3*d = -0*w + w - 16, -w + 21 = 4*d. Let y(u) = 3*u + 9. Let t(n) = -2*n - 8. Let v(c) = -4*t(c) - 3*y(c). Calculate v(d).
0
Let k(r) be the second derivative of r**5/20 - 2*r**4/3 + 5*r**3/3 - 4*r**2 - 5*r. What is k(7)?
13
Suppose -5*d + 6*d = 1. Let c be d - (-4 + 0 + 4). Let l(u) = -8*u**3 + 2*u**2 - u. Determine l(c).
-7
Let m(o) be the second derivative of 1/12*o**4 - 2/3*o**3 - 6*o + 0 + o**2. Give m(3).
-1
Let x(l) = l**2 + l + 5. Suppose 2*f - 13 = -3. Let g(v) = -v**2 - v - 9. Let t(u) = f*x(u) + 3*g(u). Calculate t(-2).
2
Let m be (4/3)/(4/6). Suppose 0 = g - 0*g - m. Let c(s) = s**g - 4*s + s - 3*s + 1. Give c(5).
-4
Suppose 7 + 15 = 11*r. Let h(i) = -8*i - 1. Determine h(r).
-17
Let x = -8 - -11. Let t(g) = 3 - x + 7*g**2 + 0 - 2 - g**3 - 4*g. Give t(6).
10
Let y be (-2)/((-8)/26)*-2. Let u = 18 + y. Suppose u*x - 4*j = -1, 4*j + 3 = 3*x - 2*x. Let m(a) = 4*a**3 + a**2 + a + 1. Determine m(x).
-3
Let j(q) = q**3 + 6*q**2 + q + 7. Let n be 3/(-15) + (-87)/15. Determine j(n).
1
Let p be 18*2/(-12)*-20. Let a be p/5*1/(-2). Let l = a + 6. Let m(h) = h**3 - 5. Determine m(l).
-5
Let t(n) = n**3 - n**2 + 5. Let k = 0 - 0. Let d be t(k). Let a(l) be the first derivative of -l**4/4 + 5*l**3/3 - l**2 + 2*l - 17. Calculate a(d).
-8
Let h(a) = a**2 + 5*a - 6. Let f be h(-5). Let o(y) = -6*y**2 - 4*y**3 - y - 3 - 6*y**3 + 9*y**3. What is o(f)?
3
Let r(a) = 4*a - 11. Let q be r(4). Let x be (-20)/(-6)*(-18)/(-15). Let u(h) = -3*h - 7 + 0*h + x*h. Give u(q).
-2
Let x(v) = v**2 - 1 - 3*v**2 + v**2 - 4*v.